 + 5. Let n be w(3). Suppose -3*g + 958 = -2*z, -408 = -n*g + 5*z + 249. List the prime factors of g.
2, 79
Let i = 4 - 4. Suppose i = 3*x + o - 968, -290 = -x - 5*o + 42. What are the prime factors of x?
2, 7, 23
Suppose 5*r + 62 = 2*d, 4*d + 4*r - 211 + 59 = 0. Suppose 0 = 7*b - 92 + d. Let x(f) = 19*f + 18. List the prime factors of x(b).
2, 5, 17
Let f(g) = 4*g**3 - 6*g**2 + 3*g - 1. Let c be f(2). Let d(s) = 4 + 19*s + 5 - s**3 + c*s**2 - 34*s. List the prime factors of d(7).
2, 3, 11
What are the prime factors of (((-13664)/20)/(-7))/(72/1980)?
2, 11, 61
Let z(i) = 68*i**2 - 149*i - 1348. What are the prime factors of z(-11)?
7, 1217
Let j(n) = -55*n**3 + 27*n**2 + 28*n - 21. What are the prime factors of j(-7)?
3, 7, 317
Suppose -4*a + 2*p = 10 - 2, 0 = 5*a - p + 10. Let z(k) = 66*k**2 + 8*k + 10. List the prime factors of z(a).
2, 3, 43
Let l be (-1)/(4/(-128)*4). Suppose -15*u = l*u - 3956. List the prime factors of u.
2, 43
Let b be -2*1/2 - -4. Suppose -b*j + 1179 + 278 = z, 4*z - 2*j = 5870. List the prime factors of z.
2, 733
Let l(y) = 62*y + 951. List the prime factors of l(-15).
3, 7
Suppose -17 - 4 = -4*f + 3*p, 3 = 2*f - 3*p. Suppose 0 = -f*n + 4*n + 1785. What are the prime factors of n?
3, 7, 17
Let a be 4/9 + (-3344)/(-171). Let j = -9 - -14. Suppose 5*p - 222 = -0*p + 2*s, 0 = -j*s + a. List the prime factors of p.
2, 23
Let x(t) = -9*t**3 - 78*t**2 - 4*t + 20. List the prime factors of x(-14).
2, 2371
Let u(t) = t**2 + 5*t - 3. Let k be u(-6). Suppose -o = 2*w - 929, -3*w + 1391 = -2*o + o. List the prime factors of w/28 + k/7.
17
Let u = 18246 - 10735. List the prime factors of u.
7, 29, 37
Suppose 0 = 81*u + 66*u - 899934. List the prime factors of u.
2, 3061
Let v = -108 + 48. Suppose -1967 = 65*q + 308. What are the prime factors of (-98)/(-4)*v/q?
2, 3, 7
Suppose 3886 + 745 = 11*r. Let f = 825 - r. List the prime factors of f.
2, 101
Suppose -265*q + 272*q = 4557. Suppose 0 = 19*u - 22*u + q. What are the prime factors of u?
7, 31
Suppose -c + 8121 + 9670 = 0. List the prime factors of c.
17791
Let g(r) = r - 44. Let b be g(8). List the prime factors of b/(-84) + 2538/7.
3, 11
Let w = 415 - 257. Suppose 0 = -4*s + w + 70. What are the prime factors of s?
3, 19
Let h(f) = 114*f - 118. Suppose 5*l + 45 = 3*a, -4*a - 2*l + 43 = -3*l. What are the prime factors of h(a)?
2, 7, 73
Let c be ((-1)/3)/(5/(-5595)). Let o = -230 + c. Let j = o - 76. List the prime factors of j.
67
What are the prime factors of (-24)/(-9)*-5668*9/(-48)?
2, 13, 109
Suppose -2136 = -4*g - 3*f, -3*g + f + 1305 + 297 = 0. Let l = 800 - g. List the prime factors of l.
2, 7, 19
List the prime factors of (55 - 46) + (1 - (-1 - 623)).
2, 317
Let c = 22151 + 915. What are the prime factors of c?
2, 19, 607
Suppose 3*n + 4*i - 14560 = 15897, -3*n + i + 30467 = 0. List the prime factors of n.
3, 5, 677
Suppose -2*h + c - 41612 = -7*h, 0 = 2*h - c - 16656. What are the prime factors of h?
2, 2081
Suppose 5*i = -133 + 8583. List the prime factors of i.
2, 5, 13
Let c(q) = q**3 - 23*q**2 + 44*q - 27. Let s be c(21). Let j(p) = p**3 - 14*p**2 + 6*p - 19. List the prime factors of j(s).
2, 37
Let o be (118/6)/(1/42). Suppose 49*s = 56*s - o. What are the prime factors of s?
2, 59
What are the prime factors of (-3)/21 + 126672/49 - -1?
2, 3, 431
Let n be (-18)/(-12) - (-3)/2. Suppose -n*y - 2*j = -670, 0 = 2*y + j - 334 - 114. Suppose -8*a - f + 551 = -3*a, 2*a - f = y. List the prime factors of a.
3, 37
Suppose -75*x + 2204902 = 227*x. What are the prime factors of x?
7, 149
Let l(c) = 5*c**2 - 4*c - 1. Let m be l(3). Let x = 37 - m. Suppose 154 = f + 4*y, -x*f - 2*y + 325 = -409. What are the prime factors of f?
2, 73
Let c = 287 - 266. Suppose 0 = -0*x + c*x - 7161. List the prime factors of x.
11, 31
Let p(d) = 897*d**2 + 50*d - 143. List the prime factors of p(4).
3, 1601
Suppose 2*c - 14302 = v, 3*v = -289*c + 287*c + 14278. List the prime factors of c.
2, 1787
Suppose 79*h - 208325 = 207136. What are the prime factors of h?
3, 1753
Let z(c) = -2821*c + 75. What are the prime factors of z(-2)?
5717
Let o be (-12)/(-15) + 6177/(-15) + -1. Let f = 544 + o. What are the prime factors of f?
2, 3, 11
Suppose 5*x = 4*x - b + 215, 3*b + 445 = 2*x. Let m = -107 + x. List the prime factors of m.
3, 37
Suppose 0 = 5*o + 3*d - 25863, 4*o + d = 7677 + 13019. What are the prime factors of o?
3, 5, 23
Suppose 6*n = 2*a + 10*n - 6, 4*a - 17 = -3*n. What are the prime factors of ((-1708)/4)/(4 - a) + 3?
2, 5, 43
Suppose -5*j = 4*g - 39, -20*g + 17*g + 30 = 4*j. Suppose 0 = -t - 3*q + 5*q + 212, 3*q - g = 0. What are the prime factors of t?
2, 3
Let y be (-26)/(-2 + 0) + 8/2. Suppose 2*b - 94 = -2*g, y*g - 18*g - 85 = -2*b. What are the prime factors of b?
2, 11
Let z(b) = -b**2 + 11*b - 14. Let c be z(9). Let n(i) = 2*i**3 + 2*i**2 - 5*i - 4. Let q be n(c). Let w = -52 + q. List the prime factors of w.
2, 3, 7
Let h(x) = x**3 + 12*x**2 + 2*x - 11. Let l be h(-12). Let o = 37 + l. Suppose 5*n - 135 = o*n. List the prime factors of n.
3, 5
Let a(r) = 4*r**3 - 21*r**2 - 20*r - 17. Let v(p) = 22*p**3 - 104*p**2 - 100*p - 84. Let i(c) = -16*a(c) + 3*v(c). What are the prime factors of i(-9)?
2, 163
Suppose -21344 = -51*u + 43*u. Let p = u + -1653. List the prime factors of p.
5, 7, 29
Suppose 8*k - 5*v - 21 = 5*k, k + 3*v = -7. Suppose 0*o + k*o - 5*d = 14, 4*d = -8. Suppose 146 = b - x - 3*x, 0 = -b - o*x + 128. List the prime factors of b.
2, 67
Let w(g) = g**3 + 9*g**2 - 12*g + 7. Suppose -10 = -29*c + 31*c. What are the prime factors of w(c)?
167
Suppose 12*v - 16*v + 2*i + 23044 = 0, -11516 = -2*v + 4*i. List the prime factors of v.
2, 43, 67
Suppose -3*l - 846 = 3*a, 3*l - a = -0*a - 842. Let d = 966 + l. Suppose 5*x - 2*w = d, -381 - 200 = -4*x - 5*w. List the prime factors of x.
139
Let w be 26/(-104) - (9/(-4) - 0). Suppose w*p + 2408 = 6*p. Let m = p - 351. What are the prime factors of m?
251
Suppose -75 = -o - 63. Suppose -o*x = -17*x - 50. List the prime factors of x/45 + (-1289)/9*-1.
11, 13
Let p(g) = -2*g**3 - 6*g**2 + 3*g - 3. Let d be p(-3). Let b be ((-13)/39)/(1/d). Suppose 0 = b*v - 1 - 191. List the prime factors of v.
2, 3
Suppose 2*z - 11220 = 4*v, -3*z + 9876 + 6956 = -5*v. What are the prime factors of z?
2, 7, 401
Let f(q) = -582*q + 38396. What are the prime factors of f(0)?
2, 29, 331
Let n be 106/(-9) - (0 + 2/9). Let b = -4 - n. Suppose 2*o + 4*k = 146, b*k = 2*o + 4*k - 138. What are the prime factors of o?
71
Let l be (-6)/30 - (-92)/10. Let o(s) = 3*s**2 - 4*s + 83. What are the prime factors of o(l)?
2, 5, 29
What are the prime factors of 3 - ((-150)/(-48) + 0) - 303794/(-16)?
3, 6329
Let j(b) = 3*b + 21. Suppose -4*m = 3*f - 6*f + 201, -4*m + 4*f - 200 = 0. Let p = m - -69. What are the prime factors of j(p)?
3, 5
Let h be 2259/27 - (-6)/(-9). Let m = 187 + h. List the prime factors of m.
2, 3, 5
Let z(o) = -7*o + 0 + o**2 + 8 + 0*o**2. Let w be z(6). Suppose 0 = -w*t + 2*v + 484, 2*t + 726 = 5*t - 4*v. List the prime factors of t.
2, 11
Suppose -m - 34202 = -2*x, -37*x - 5*m = -42*x + 85520. List the prime factors of x.
2, 83, 103
List the prime factors of (5 - (-40)/(-5)) + (5 - -66560).
2, 23, 1447
Suppose -2*z = -3*t - 124, t + 4*z + 63 = 9*z. Let y = 161 + t. Let v = y + -24. What are the prime factors of v?
3, 11
Let j(g) = -g**3 + 3*g**2 + 10*g + 39. Suppose -5*l = f + 33, 2*f - 3*f - 27 = 4*l. What are the prime factors of j(l)?
3, 101
Let j be 31059/4 + (-6)/264*-11. Suppose -21*w + 26*w - j = 0. What are the prime factors of w?
1553
Let s(w) = 84*w + 1. Let r be s(5). Let x = 267 + r. List the prime factors of x.
2, 43
Let x(o) = -439*o + 397. What are the prime factors of x(-7)?
2, 5, 347
Let k be (3 + (-380)/6)/((-7)/(-84)). Let c = k - -1088. List the prime factors of c.
2, 7, 13
Let c be (44 + -49)*(-1)/5. List the prime factors of 2/(-2) - (-612 + c - -3).
607
Let z(k) = 5*k - 3. Let x be z(0). Let l be (25 + 9)*(-3)/2. Let m = x - l. What are the prime factors of m?
2, 3
Suppose 3*r - 65932 = -2*t, 2*t - 14*r = -13*r + 65932. What are the prime factors of t?
2, 53, 311
Let a(d) = 2*d**3 - 9*d**2 + 3*d + 13. Let z = -3 - -9. List the prime factors of a(z).
139
Let q be ((-1)/((-2)/(-24)))/(-17 + 19). Let r = -33 - -64. L